(-7))/((-3)/j)?
True
Let f(u) = u**2 + 2*u + 1. Let s be f(-3). Suppose -j = 5*l - 3, -s*l + 0 = 4. Let p = j + -1. Is p a multiple of 5?
False
Let x be -5*(2 - 3) + 1. Let h = -4 + x. Is 9 a factor of (171/(-3))/(-3) - h?
False
Let i(g) be the first derivative of 5/3*g**3 - 3/2*g**2 + 3*g - 1/4*g**4 + 1. Is i(4) a multiple of 5?
False
Let j = 13 + -6. Does 7 divide j?
True
Does 9 divide -4*7/(-4) + 2?
True
Let w be (-3)/(-2)*12/(-18). Suppose -5 + 0 = 5*d. Is 12 a factor of (w*22)/d + -1?
False
Suppose b = -7*b + 2776. Is b a multiple of 36?
False
Suppose 0 = -2*x - 3*z + 150, 3*x + z = 91 + 127. Suppose 3*g + x = 3*q, -4*q = -q - 4*g - 77. Is 19 a factor of q?
True
Suppose 0*t + 9 = -3*t + f, 3*f = 0. Is 7 a factor of t/(-2) + (-11)/(-2)?
True
Suppose 4*s = -1 + 13. Let q(x) = 11*x + 1. Is 17 a factor of q(s)?
True
Let k = 203 - 77. Let w = k - 85. Is 14 a factor of w?
False
Suppose 47 = 3*o + 2*z, 0*o + o + 7 = 5*z. Suppose 3*s - 8 = o. Is 2 a factor of s*(1 - (3 + -3))?
False
Suppose z = -3*h + 54, -4*z - h + 161 = -0*h. Is z a multiple of 21?
False
Let w(j) = j**2 - j + 1. Suppose 8 = 7*y - 3*y. Is w(y) even?
False
Let g(t) = -11*t - 62. Is 27 a factor of g(-20)?
False
Suppose -2*c + 0*c = 0. Suppose -4*b + 5*y + 151 = 0, -2*b + 0*y + 5*y + 63 = c. Suppose 7*g = 3*g + b. Is g a multiple of 11?
True
Let w(g) = g - 1. Let q be w(3). Suppose q*d - 75 = -3. Does 12 divide d?
True
Suppose 0 = m - v - 39, 4*v - 50 = -3*m + 67. Suppose -64 = -3*i - 2*p, -47 - m = -4*i - 3*p. Suppose -3*g = 3*f - 33, -3*g = 5*f - i - 5. Does 7 divide g?
False
Let z(p) = 2*p - 5. Let v be z(5). Let i(c) = c**2 - 5*c. Let y be i(v). Suppose 4*k + 130 = 5*n + 5*k, 3*n + 4*k - 78 = y. Is 13 a factor of n?
True
Suppose 0 = 3*a - 2 - 4. Let g be (4 - 74)/(-5)*1. Suppose -g = -3*i - a. Is 4 a factor of i?
True
Let u(x) = -4*x + 5*x + 10 + 2 + 28. Is 10 a factor of u(0)?
True
Suppose -3*t - 470 = -4*i, 344 = 3*i - t + 3*t. Is i a multiple of 13?
False
Let y = 620 - 417. Is y a multiple of 19?
False
Suppose -p + 145 = f, -f + 16 = -5*p - 99. Is 35 a factor of f?
True
Let g(r) = r**2 + 12*r + 9. Let u be g(-11). Does 6 divide (120/9)/u*-3?
False
Let i(l) be the third derivative of l**5/20 + 3*l**4/8 + 2*l**3 + 9*l**2. Does 28 divide i(-5)?
False
Let y(m) = 20*m - 3. Let w(q) = -5*q + 1. Let c(p) = 9*w(p) + 2*y(p). Is 22 a factor of c(-9)?
False
Suppose 0 = -k - 0*k + 5*q + 36, 159 = 4*k - 5*q. Is 11 a factor of k?
False
Suppose 0 = -5*i - 3 - 52. Does 11 divide i*6*4/(-8)?
True
Suppose -4*w - 4 = -2*g, -g - w - 1 = -6*g. Suppose q = -i + 40, i + g*i - 25 = 4*q. Is i a multiple of 13?
False
Let j(h) = h**3 - h**2 - 13*h + 13. Is j(6) a multiple of 12?
False
Let y(g) = -7*g + 8. Let i be ((-2)/3)/((-4)/(-42)). Is y(i) a multiple of 17?
False
Let u(a) = -a**3 + 4*a**2 - a - 2. Suppose -2*v + 11 = 3*v - 2*q, 0 = 3*v + 5*q - 19. Let t be u(v). Let l = t + 0. Does 4 divide l?
True
Let c = 20 - 3. Is c a multiple of 5?
False
Let g be (-7 - -2)/((-2)/14). Let v = g - -1. Is 12 a factor of v?
True
Let o(z) = 8*z**3 + z**2 + z - 1. Let r be o(1). Is r/(-2)*-6 + 0 a multiple of 9?
True
Let u(m) = m**2 + m - 21. Does 6 divide u(-8)?
False
Suppose -2 = -q + 3*q. Suppose 3*p + 3*d - 57 = 0, -3*p + 7*d - 4*d + 33 = 0. Is 4 a factor of (q - -3)*p/6?
False
Let f(a) = a**2 + 4*a + 2. Suppose 0*m - 10 = -2*m. Is f(m) a multiple of 12?
False
Let c = -5 + 1. Let g be (-2)/c - (-1)/2. Suppose -g - 16 = -y. Is 8 a factor of y?
False
Let s be (-2 + 1)*0/2. Suppose 4*f + 0*f - 8 = 0. Suppose 0*a + f*a - 6 = s. Is 3 a factor of a?
True
Suppose -170 = 4*c + 242. Let q = c - -154. Is 14 a factor of q?
False
Suppose 3*w - 21 = -96. Let t = 60 + w. Is t a multiple of 19?
False
Let n = -29 - -42. Suppose z - n = 3. Is 5 a factor of z?
False
Let o = 5 - 0. Let q = 12 - o. Is q a multiple of 4?
False
Suppose 2*m + 74 = 834. Is 9 a factor of m/(-57)*30/(-4)?
False
Is (-29)/(-4 - -3) - 0 a multiple of 29?
True
Let l be 10 - 5 - (-1 + 1). Suppose 3*b + l*a = 42, 2*a - 14 = -b + 3*a. Is 14 a factor of b?
True
Let o(n) = 8*n + 22. Let w be o(7). Let p = 149 - w. Does 13 divide p?
False
Suppose -5*t = -88 + 28. Let z(c) = -c**3 + 5*c**2 + 2*c - 2. Let d be z(4). Let x = d - t. Is x a multiple of 9?
False
Is 15 a factor of ((-120)/28)/((-2)/14)?
True
Let i = 13 - 13. Suppose -a + i = -2. Is a even?
True
Is -2 + 2*(12 - 3) a multiple of 16?
True
Suppose 2*h - 7*h = -20. Let k be ((-4)/5)/(h/50). Let p = -1 - k. Does 6 divide p?
False
Suppose -2*o - 2*c + 134 = 0, 4*o - 5*c + 4*c - 293 = 0. Let u = -37 + o. Does 13 divide u?
False
Suppose 0 = 7*f - 5*f - 16. Does 8 divide f?
True
Let x(p) = 11*p - 2*p + 6 + p + 2. Let q(c) = -c**2 + 5*c + 2. Let n be q(4). Is 21 a factor of x(n)?
False
Suppose 6*z - 66 = 48. Is z a multiple of 6?
False
Is ((-196)/21)/(2/(-9)) a multiple of 30?
False
Let m be -55*(-3)/(-3) + 3. Let o = 18 - m. Suppose -x + 3*x = o. Does 12 divide x?
False
Let a(o) = -3*o**3 - 3*o**2 - 4*o - 4. Is 12 a factor of a(-2)?
False
Suppose 2*n - 61 - 23 = 0. Is 14 a factor of n?
True
Let f = -5 + 8. Suppose 0 = z + f*z - 216. Is z a multiple of 23?
False
Does 9 divide 30 - (3 + 0)*1?
True
Suppose 0 = 3*j - 13 + 49. Suppose 2*c + 2*c - 2*b = 80, 0 = -3*c + 2*b + 60. Let s = c + j. Is 5 a factor of s?
False
Let h(o) be the first derivative of -3*o**2/2 - 7*o + 1. Let r be h(-5). Does 6 divide r/6*(-6)/(-1)?
False
Suppose -4*s = b - 44, -10 = -b + 3*s + 20. Does 8 divide b?
False
Let v be 18/9 - (0 + -97). Is v/15 + 4/10 a multiple of 6?
False
Let t = 22 - -5. Is 22 a factor of t?
False
Let g = 13 + -6. Suppose -3*a + 137 = -5*y, -12 = g*y - 4*y. Is a a multiple of 13?
True
Suppose x - 48 = -x. Suppose -x = -m - 2*m. Is m a multiple of 6?
False
Let k = -18 + 19. Let y(w) = 17*w**2 - 7*w. Let u(g) = -17*g**2 + 6*g. Let o(n) = -6*u(n) - 5*y(n). Is 12 a factor of o(k)?
False
Let u(o) = -o**3 + 10*o**2 - 6*o + 3. Is 16 a factor of u(8)?
False
Suppose 5*p + 2*r = 188 + 483, 2*p + r - 269 = 0. Let s = p - 91. Is 15 a factor of s?
False
Let q = 154 - 84. Is q a multiple of 14?
True
Let r be (124/8)/(1/6). Suppose r = 6*y - 3*y. Does 10 divide y?
False
Suppose 5*v - 25 = 0, -3*s = -0*v + 4*v + 220. Let y = -54 - s. Let i = y - 17. Is i a multiple of 5?
False
Let f(q) = q**3 + 6*q**2 + 4*q - 2. Let k be f(-5). Suppose k*u + y - 95 = 0, 0*y - 2*y = -4*u + 130. Is 16 a factor of u?
True
Let k(v) = 5*v**2. Let z be k(1). Let g be ((-2 - -2) + 3)*z. Is 7 a factor of g*4/(60/9)?
False
Let y be (-21)/(-4) + 15/20. Suppose i = y*i - 105. Does 3 divide (60/i + -2)*7?
True
Let h = 1 - 1. Suppose 4*r - 89 = -g, -2*g + g - 2*r + 79 = h. Does 23 divide g?
True
Let d = -11 + 19. Let o(k) = -2*k**3 + 14*k**2 + k**3 + 7 - 5*k - 5*k**2. Is 21 a factor of o(d)?
False
Let t = -122 + 188. Is 11 a factor of t?
True
Let i = -3 + 9. Is 2 a factor of i?
True
Suppose 0*f - 3*f = -480. Suppose b = -5*j + f + 13, -4*b - 22 = -j. Is j a multiple of 11?
False
Suppose 2*k = 18 + 10. Does 7 divide k?
True
Does 12 divide -1 - (2076/(-84) + 4/(-14))?
True
Let o = 2 + 23. Is 19 a factor of o?
False
Let a(n) = 4*n**2 - 5*n + 5. Let q be a(-5). Suppose v - 7*v = -30. Suppose -q = -0*s - v*s. Is 9 a factor of s?
False
Let h(k) = -k**3 - 9*k**2 + 8. Suppose 4*q - 8*q - 36 = 0. Is h(q) a multiple of 5?
False
Let k(i) = -3*i - 2. Is k(-3) a multiple of 7?
True
Let c(w) be the second derivative of w**5/20 - w**4/12 + w**3/6 + 33*w**2/2 + 6*w. Is 13 a factor of c(0)?
False
Suppose -4*x = -4*o + 136, -5*o - 2*x + 174 = -6*x. Suppose 0*i + 46 = 3*v + 2*i, -4*v + o = -2*i. Is v a multiple of 12?
True
Suppose -3*z - z = -20. Suppose -h - 196 = -z*h. Is 14 a factor of h?
False
Let n(h) = -h**3 + 13*h**2 + 17*h. Is n(14) a multiple of 21?
True
Let o be 4/(-18) + 425/9. Let t = 11 + o. Is t a multiple of 29?
True
Suppose -3*f = 2*u - 13, 0*f - 5 = -2*f - 5*u. Suppose 0*q - f*q = -30. Does 6 divide q?
True
Let w(z) be the first derivative of -z**6/120 + 7*z**5/60 - z**4/4 + z**3 - z**2/2 - 2. Let r(k) be the second derivative of w(k). Is 9 a factor of r(5)?
False
Let d(n) = -28*n - 16. Does 12 divide d(-4)?
True
Suppose 17 + 63 = 4*n. Suppose -3*z + n = 2*f, -9 - 23 = -5*z - 3*f. Suppose 2*k = 8 + z. Is 6 a factor of k?
True
Is 12 a factor of 164/14 - (-16)/56?